{"id":1391,"date":"2019-03-08T21:35:11","date_gmt":"2019-03-09T00:35:11","guid":{"rendered":"https:\/\/isfd816-chu.infd.edu.ar\/sitio\/?page_id=1391"},"modified":"2022-03-16T21:03:24","modified_gmt":"2022-03-17T00:03:24","slug":"formularios","status":"publish","type":"page","link":"https:\/\/isfd816-chu.infd.edu.ar\/sitio\/formularios\/","title":{"rendered":"Formularios"},"content":{"rendered":"<h2>Aqu\u00ed podr\u00e1n descargar los documentos y materiales para uso de docentes:<\/h2>\n<p>Para completar el Formulario On line de licencias para docentes: <a href=\"https:\/\/forms.gle\/kYCC5SnGDBK5KNPP6\">Completar aqu\u00ed<\/a><\/p>\n<h5><strong>LICENCIAS ADMINISTRATIVAS: <a href=\"https:\/\/docs.google.com\/document\/d\/1JijVXPRvdGZyGkUHTkBeJ_rlqcSL7SKC\/edit?usp=sharing&amp;ouid=117185808650403846943&amp;rtpof=true&amp;sd=true\">Descargar Aqu\u00ed en PDF\u00a0<\/a><\/strong><\/h5>\n<h5><a href=\"https:\/\/drive.google.com\/file\/d\/1y0Gheb4A5hJD1-I3OJrOpFYcWBMRavls\/view?usp=sharing\"><strong>Declaraci\u00f3n de Asignaciones Familiares<\/strong><\/a><\/h5>\n<h5><strong><a href=\"https:\/\/drive.google.com\/file\/d\/1k6M9qW-BIfIr4dkIjQaW8DIP_Th_e__w\/view?usp=sharing\">Declaraci\u00f3n Jurada<\/a> (Modificada)<\/strong><\/h5>\n<h5><strong><a href=\"https:\/\/docs.google.com\/document\/d\/1G2-b5AAvV66cvduvkfXCuXqurStLKR0b\/edit?usp=sharing&amp;ouid=117185808650403846943&amp;rtpof=true&amp;sd=true\">Ficha de Alta<\/a><\/strong><\/h5>\n<h5><a href=\"https:\/\/docs.google.com\/document\/d\/1W28pkQeWwCh3E_1jYwu8hmIlgm_zuHJn\/edit?usp=sharing&amp;ouid=117185808650403846943&amp;rtpof=true&amp;sd=true\"><strong>Ficha personal<\/strong><\/a><\/h5>\n<h5><a href=\"https:\/\/drive.google.com\/file\/d\/1z12OO7nkA4E1kbE340DBYZ92KS_ZwwnD\/view?usp=sharing\"><strong>Historia cl\u00ednica<\/strong><\/a><\/h5>\n<h5><a href=\"https:\/\/docs.google.com\/document\/d\/1Kzo-9BloVJgqnFBAhyioh0BUg4dB2Vr1\/edit?usp=sharing&amp;ouid=117185808650403846943&amp;rtpof=true&amp;sd=true\"><strong>Planilla seguros escolares<\/strong><\/a><\/h5>\n<h5><\/h5>\n","protected":false},"excerpt":{"rendered":"<p>Aqu\u00ed podr\u00e1n descargar los documentos y materiales para uso de docentes: Para completar el Formulario On line de licencias para docentes: Completar aqu\u00ed LICENCIAS ADMINISTRATIVAS: Descargar Aqu\u00ed en PDF\u00a0 Declaraci\u00f3n de Asignaciones Familiares Declaraci\u00f3n Jurada (Modificada) Ficha de Alta Ficha personal Historia cl\u00ednica Planilla seguros escolares<\/p>\n","protected":false},"author":9,"featured_media":0,"parent":0,"menu_order":0,"comment_status":"closed","ping_status":"closed","template":"","meta":[],"acf":[],"_links":{"self":[{"href":"https:\/\/isfd816-chu.infd.edu.ar\/sitio\/wp-json\/wp\/v2\/pages\/1391"}],"collection":[{"href":"https:\/\/isfd816-chu.infd.edu.ar\/sitio\/wp-json\/wp\/v2\/pages"}],"about":[{"href":"https:\/\/isfd816-chu.infd.edu.ar\/sitio\/wp-json\/wp\/v2\/types\/page"}],"author":[{"embeddable":true,"href":"https:\/\/isfd816-chu.infd.edu.ar\/sitio\/wp-json\/wp\/v2\/users\/9"}],"replies":[{"embeddable":true,"href":"https:\/\/isfd816-chu.infd.edu.ar\/sitio\/wp-json\/wp\/v2\/comments?post=1391"}],"version-history":[{"count":5,"href":"https:\/\/isfd816-chu.infd.edu.ar\/sitio\/wp-json\/wp\/v2\/pages\/1391\/revisions"}],"predecessor-version":[{"id":2108,"href":"https:\/\/isfd816-chu.infd.edu.ar\/sitio\/wp-json\/wp\/v2\/pages\/1391\/revisions\/2108"}],"wp:attachment":[{"href":"https:\/\/isfd816-chu.infd.edu.ar\/sitio\/wp-json\/wp\/v2\/media?parent=1391"}],"curies":[{"name":"wp","href":"https:\/\/api.w.org\/{rel}","templated":true}]}}