{"id":1482,"date":"2019-04-04T11:08:07","date_gmt":"2019-04-04T14:08:07","guid":{"rendered":"https:\/\/isfd816-chu.infd.edu.ar\/sitio\/?page_id=1482"},"modified":"2025-07-31T19:46:59","modified_gmt":"2025-07-31T22:46:59","slug":"postulantes-coordinacion-de-investigacion","status":"publish","type":"page","link":"https:\/\/isfd816-chu.infd.edu.ar\/sitio\/postulantes-coordinacion-de-investigacion\/","title":{"rendered":"Coordinaci\u00f3n de Investigaci\u00f3n"},"content":{"rendered":"\n<figure class=\"wp-block-image size-full is-style-default\"><img decoding=\"async\" loading=\"lazy\" width=\"1241\" height=\"1756\" src=\"https:\/\/isfd816-chu.infd.edu.ar\/sitio\/wp-content\/uploads\/2025\/07\/Flyer-Investigacion-Educativa-actualizacion-horarios-1\u00b0-Cuatrimestre-2025-1_page-0001-1.jpg\" alt=\"\" class=\"wp-image-3260\" srcset=\"https:\/\/isfd816-chu.infd.edu.ar\/sitio\/wp-content\/uploads\/2025\/07\/Flyer-Investigacion-Educativa-actualizacion-horarios-1\u00b0-Cuatrimestre-2025-1_page-0001-1.jpg 1241w, https:\/\/isfd816-chu.infd.edu.ar\/sitio\/wp-content\/uploads\/2025\/07\/Flyer-Investigacion-Educativa-actualizacion-horarios-1\u00b0-Cuatrimestre-2025-1_page-0001-1-707x1000.jpg 707w, https:\/\/isfd816-chu.infd.edu.ar\/sitio\/wp-content\/uploads\/2025\/07\/Flyer-Investigacion-Educativa-actualizacion-horarios-1\u00b0-Cuatrimestre-2025-1_page-0001-1-768x1087.jpg 768w, https:\/\/isfd816-chu.infd.edu.ar\/sitio\/wp-content\/uploads\/2025\/07\/Flyer-Investigacion-Educativa-actualizacion-horarios-1\u00b0-Cuatrimestre-2025-1_page-0001-1-1086x1536.jpg 1086w\" sizes=\"(max-width: 1241px) 100vw, 1241px\" \/><\/figure>\n\n\n\n<div dir=\"ltr\">\n<div dir=\"ltr\"><strong>Referente Institucional de Investigaci\u00f3n: Lic Paola Ciccarone&nbsp;<\/strong><\/div>\n<div dir=\"ltr\">&nbsp;<\/div>\n<div dir=\"ltr\"><strong>Mail de contacto: investigacion816@gmail.com<\/strong><\/div>\n\n\n\n<div dir=\"ltr\">Presentaci\u00f3n de Proyecto<\/div>\n\n\n\n<div class=\"wp-block-file\"><a id=\"wp-block-file--media-af4132f7-d062-4310-97fc-f0be7adcf438\" href=\"https:\/\/isfd816-chu.infd.edu.ar\/sitio\/wp-content\/uploads\/2024\/10\/Presentacion-Proyecto-Coordinacion-Investigacion-IES816.pptx\">Presentacion-Proyecto-Coordinacion-Investigacion-IES816<\/a><a href=\"https:\/\/isfd816-chu.infd.edu.ar\/sitio\/wp-content\/uploads\/2024\/10\/Presentacion-Proyecto-Coordinacion-Investigacion-IES816.pptx\" class=\"wp-block-file__button wp-element-button\" download aria-describedby=\"wp-block-file--media-af4132f7-d062-4310-97fc-f0be7adcf438\">Descarga<\/a><\/div>\n\n\n\n<p>Proyecto de la Coordinaci\u00f3n<\/p>\n\n\n\n<div class=\"wp-block-file\"><object class=\"wp-block-file__embed\" data=\"https:\/\/isfd816-chu.infd.edu.ar\/sitio\/wp-content\/uploads\/2024\/10\/PROYECTO-COORD-INV-ISFD-816.pdf\" type=\"application\/pdf\" style=\"width:100%;height:600px\" aria-label=\"Incrustado de PROYECTO-COORD-INV-ISFD-816.\"><\/object><a id=\"wp-block-file--media-c2dcbd13-eada-4dc1-ab93-49bbca721ae9\" href=\"https:\/\/isfd816-chu.infd.edu.ar\/sitio\/wp-content\/uploads\/2024\/10\/PROYECTO-COORD-INV-ISFD-816.pdf\">PROYECTO-COORD-INV-ISFD-816<\/a><a href=\"https:\/\/isfd816-chu.infd.edu.ar\/sitio\/wp-content\/uploads\/2024\/10\/PROYECTO-COORD-INV-ISFD-816.pdf\" class=\"wp-block-file__button wp-element-button\" download aria-describedby=\"wp-block-file--media-c2dcbd13-eada-4dc1-ab93-49bbca721ae9\">Descarga<\/a><\/div>\n","protected":false},"excerpt":{"rendered":"<p>Referente Institucional de Investigaci\u00f3n: Lic Paola Ciccarone&nbsp; &nbsp; Mail de contacto: investigacion816@gmail.com Presentaci\u00f3n de Proyecto Proyecto de la Coordinaci\u00f3n<\/p>\n","protected":false},"author":9,"featured_media":0,"parent":0,"menu_order":0,"comment_status":"closed","ping_status":"closed","template":"","meta":[],"acf":[],"_links":{"self":[{"href":"https:\/\/isfd816-chu.infd.edu.ar\/sitio\/wp-json\/wp\/v2\/pages\/1482"}],"collection":[{"href":"https:\/\/isfd816-chu.infd.edu.ar\/sitio\/wp-json\/wp\/v2\/pages"}],"about":[{"href":"https:\/\/isfd816-chu.infd.edu.ar\/sitio\/wp-json\/wp\/v2\/types\/page"}],"author":[{"embeddable":true,"href":"https:\/\/isfd816-chu.infd.edu.ar\/sitio\/wp-json\/wp\/v2\/users\/9"}],"replies":[{"embeddable":true,"href":"https:\/\/isfd816-chu.infd.edu.ar\/sitio\/wp-json\/wp\/v2\/comments?post=1482"}],"version-history":[{"count":19,"href":"https:\/\/isfd816-chu.infd.edu.ar\/sitio\/wp-json\/wp\/v2\/pages\/1482\/revisions"}],"predecessor-version":[{"id":3261,"href":"https:\/\/isfd816-chu.infd.edu.ar\/sitio\/wp-json\/wp\/v2\/pages\/1482\/revisions\/3261"}],"wp:attachment":[{"href":"https:\/\/isfd816-chu.infd.edu.ar\/sitio\/wp-json\/wp\/v2\/media?parent=1482"}],"curies":[{"name":"wp","href":"https:\/\/api.w.org\/{rel}","templated":true}]}}