{"id":3426,"date":"2026-02-28T22:02:32","date_gmt":"2026-03-01T01:02:32","guid":{"rendered":"https:\/\/isfd816-chu.infd.edu.ar\/sitio\/?page_id=3426"},"modified":"2026-04-21T14:04:42","modified_gmt":"2026-04-21T17:04:42","slug":"llamados","status":"publish","type":"page","link":"https:\/\/isfd816-chu.infd.edu.ar\/sitio\/llamados\/","title":{"rendered":"LLAMADOS A CONCURSO"},"content":{"rendered":"\n<div class=\"wp-duotone-var--contrast-3-var--accent-1 wp-block-cover\" style=\"min-height:123px\"><span aria-hidden=\"true\" class=\"wp-block-cover__background has-contrast-2-background-color has-background-dim-100 has-background-dim\"><\/span><div class=\"wp-block-cover__inner-container\">\n<p class=\"has-text-align-center has-large-font-size\"><a href=\"https:\/\/drive.google.com\/file\/d\/1YW8kR3uQzBtcL1N7-Tbomy8rzMClpkX6\/view?usp=sharing\" data-type=\"URL\" data-id=\"https:\/\/drive.google.com\/file\/d\/1YW8kR3uQzBtcL1N7-Tbomy8rzMClpkX6\/view?usp=sharing\" target=\"_blank\" rel=\"noreferrer noopener\">Profesorado de Educaci\u00f3n Secundaria en Econom\u00eda<\/a><\/p>\n\n\n\n<p>Cierre del llamado: 23 de abril inclusive <\/p>\n<\/div><\/div>\n\n\n\n<div class=\"wp-duotone-var--contrast-3-var--accent-2 wp-block-cover\" style=\"min-height:123px\"><span aria-hidden=\"true\" class=\"wp-block-cover__background has-contrast-2-background-color has-background-dim-100 has-background-dim\"><\/span><div class=\"wp-block-cover__inner-container\">\n<p class=\"has-text-align-center has-large-font-size\"><a href=\"https:\/\/drive.google.com\/file\/d\/1XsYpnPrFWDJeBqnoFrHZb8sDqMRI7HhM\/view?usp=drive_link\">Profesorado en Educaci\u00f3n Tecnol\u00f3gica llamado a cobertura por Suplencia<\/a><\/p>\n\n\n\n<p>Cierre del llamado: 17 de abril inclusive<\/p>\n<\/div><\/div>\n\n\n\n<div class=\"wp-duotone-var--contrast-3-var--accent-3 wp-block-cover\" style=\"min-height:174px\"><span aria-hidden=\"true\" class=\"wp-block-cover__background has-contrast-2-background-color has-background-dim-100 has-background-dim\"><\/span><div class=\"wp-block-cover__inner-container\">\n<p class=\"has-text-align-center has-large-font-size\"><a href=\"https:\/\/drive.google.com\/file\/d\/14dCvsnSOukPRv3jtAu7t_0SfoLFbiIVr\/view?usp=drive_link\" target=\"_blank\" rel=\"noreferrer noopener\">Llamado para cubrir cargo Responsable Recursos Tecnol\u00f3gicos<\/a><\/p>\n\n\n\n<p>Cierre del llamado:  13 de abril inclusive <\/p>\n<\/div><\/div>\n\n\n\n<div class=\"wp-duotone-var--contrast-3-var--accent-4 wp-block-cover\" style=\"min-height:123px\"><span aria-hidden=\"true\" class=\"wp-block-cover__background has-contrast-2-background-color has-background-dim-100 has-background-dim\"><\/span><div class=\"wp-block-cover__inner-container\">\n<p class=\"has-text-align-center has-large-font-size\"><a href=\"https:\/\/drive.google.com\/file\/d\/10KZ2IrlBTy82bqvUGHqKv1qh7XLhfJkG\/view?usp=drive_link\" target=\"_blank\" rel=\"noreferrer noopener\">Profesorado de Educaci\u00f3n  Secundaria en Matem\u00e1tica 4\u00b0 llamado<\/a><\/p>\n\n\n\n<p>Cierre del llamado: 9 de abril inclusive <\/p>\n<\/div><\/div>\n\n\n\n<div class=\"wp-duotone-var--contrast-3-var--accent-5 wp-block-cover\" style=\"min-height:123px\"><span aria-hidden=\"true\" class=\"wp-block-cover__background has-contrast-2-background-color has-background-dim-100 has-background-dim\"><\/span><div class=\"wp-block-cover__inner-container\">\n<p class=\"has-text-align-center has-large-font-size\"><a href=\"https:\/\/drive.google.com\/file\/d\/1vryOpgw2rup9M5AUg4pJu0joyXthtrS1\/view?usp=drive_link\">Profesorado en Educaci\u00f3n Tecnol\u00f3gica 2do llamado<\/a> <\/p>\n\n\n\n<p>Cierre del llamado: 9  de abril inclusive<\/p>\n<\/div><\/div>\n\n\n\n<div class=\"wp-duotone-var--contrast-3-var--accent-6 wp-block-cover\" style=\"min-height:123px\"><span aria-hidden=\"true\" class=\"wp-block-cover__background has-contrast-2-background-color has-background-dim-100 has-background-dim\"><\/span><div class=\"wp-block-cover__inner-container\">\n<p class=\"has-text-align-center has-large-font-size\"><a href=\"https:\/\/drive.google.com\/file\/d\/1H3GntSd_RtYBWQ2ZRLwJMtdXRtjX0uvP\/view?usp=drive_link\" target=\"_blank\" rel=\"noreferrer noopener\">Profesorado de Educaci\u00f3n Primaria 2do llamado<\/a><\/p>\n\n\n\n<p>Cierre del llamado: 9 de abril inclusive<\/p>\n<\/div><\/div>\n\n\n\n<div class=\"wp-duotone-var--contrast-3-var--accent-7 wp-block-cover\" style=\"min-height:123px\"><span aria-hidden=\"true\" class=\"wp-block-cover__background has-contrast-2-background-color has-background-dim-100 has-background-dim\"><\/span><div class=\"wp-block-cover__inner-container\">\n<p class=\"has-text-align-center has-large-font-size\"><a href=\"https:\/\/drive.google.com\/file\/d\/1Pzg1VjaQ2YXu7DrcK0V42MB3Vqv-Dfa3\/view?usp=drive_link\" target=\"_blank\" rel=\"noreferrer noopener\">Tecnicatura Superior en Turismo llamado por suplencia<\/a><\/p>\n\n\n\n<p>Cierre del llamado: 8 de abril inclusive <\/p>\n<\/div><\/div>\n\n\n\n<div class=\"wp-duotone-var--contrast-3-var--accent-8 wp-block-cover\" style=\"min-height:123px\"><span aria-hidden=\"true\" class=\"wp-block-cover__background has-contrast-2-background-color has-background-dim-100 has-background-dim\"><\/span><div class=\"wp-block-cover__inner-container\">\n<p class=\"has-text-align-center has-large-font-size\"><a href=\"https:\/\/drive.google.com\/file\/d\/1bqppwfKYRfo58umnMxL1SxDTIp3U9eVq\/view?usp=sharing\" target=\"_blank\" rel=\"noreferrer noopener\">Profesorado de Educaci\u00f3n Primaria 2do llamado<\/a><\/p>\n\n\n\n<p>Cierre del llamado: 6 de abril inclusive<\/p>\n<\/div><\/div>\n\n\n\n<div class=\"wp-duotone-var--contrast-3-var--accent-9 wp-block-cover\" style=\"min-height:123px\"><span aria-hidden=\"true\" class=\"wp-block-cover__background has-contrast-2-background-color has-background-dim-100 has-background-dim\"><\/span><div class=\"wp-block-cover__inner-container\">\n<p class=\"has-text-align-center has-large-font-size\"><a href=\"https:\/\/drive.google.com\/file\/d\/1eXvCZiErd2X-wuy-7j8jUgQz6TsLbfej\/view?usp=drive_link\">Profesorado en Educaci\u00f3n Tecnol\u00f3gica llamado a cobertura por Suplencia<\/a><\/p>\n\n\n\n<p>Cierre del llamado: 26 de marzo inclusive<\/p>\n<\/div><\/div>\n\n\n\n<div class=\"wp-duotone-var--contrast-3-var--accent-10 wp-block-cover\" style=\"min-height:123px\"><span aria-hidden=\"true\" class=\"wp-block-cover__background has-contrast-2-background-color has-background-dim-100 has-background-dim\"><\/span><div class=\"wp-block-cover__inner-container\">\n<p class=\"has-text-align-center has-large-font-size\"><a href=\"https:\/\/drive.google.com\/file\/d\/1RyVoEGbyu-Clcxq2ptzCo8HPBhvXDyYj\/view?usp=drive_link\" target=\"_blank\" rel=\"noreferrer noopener\">Profesorado de Educaci\u00f3n  Secundaria en Matem\u00e1tica 2\u00b0 llamado<\/a><\/p>\n\n\n\n<p>Cierre del llamado: 26 de marzo inclusive <\/p>\n<\/div><\/div>\n\n\n\n<div class=\"wp-duotone-var--contrast-3-var--accent-11 wp-block-cover\" style=\"min-height:123px\"><span aria-hidden=\"true\" class=\"wp-block-cover__background has-contrast-2-background-color has-background-dim-100 has-background-dim\"><\/span><div class=\"wp-block-cover__inner-container\">\n<p class=\"has-text-align-center has-large-font-size\"><a href=\"https:\/\/drive.google.com\/file\/d\/14VxLFT8j0EUxa4HH9IqKwM2sBgAx0LKN\/view?usp=sharing\" target=\"_blank\" rel=\"noreferrer noopener\">Tecnicatura Superior en Administraci\u00f3n P\u00fablica 2do llamado<\/a><\/p>\n\n\n\n<p>Cierre del llamado: 26 de marzo inclusive<\/p>\n<\/div><\/div>\n\n\n\n<div class=\"wp-duotone-var--contrast-3-var--accent-12 wp-block-cover\" style=\"min-height:123px\"><span aria-hidden=\"true\" class=\"wp-block-cover__background has-contrast-2-background-color has-background-dim-100 has-background-dim\"><\/span><div class=\"wp-block-cover__inner-container\">\n<p class=\"has-text-align-center has-large-font-size\"><a href=\"https:\/\/drive.google.com\/file\/d\/1azTccCPoTzTNfozPbCsEtfjJ1Ix3Wkb5\/view?usp=drive_link\" target=\"_blank\" rel=\"noreferrer noopener\">Profesorado de Educaci\u00f3n Secundaria en Econom\u00eda -Llamado a cobertura por suplencia<\/a><\/p>\n\n\n\n<p>Cierre del llamado: 20 de marzo inclusive <\/p>\n<\/div><\/div>\n\n\n\n<div class=\"wp-duotone-var--contrast-3-var--accent-13 wp-block-cover\" style=\"min-height:123px\"><span aria-hidden=\"true\" class=\"wp-block-cover__background has-contrast-2-background-color has-background-dim-100 has-background-dim\"><\/span><div class=\"wp-block-cover__inner-container\">\n<p class=\"has-text-align-center has-large-font-size\"><a href=\"https:\/\/drive.google.com\/file\/d\/1Cr4LgCBqM84qX0mFmFTqn19KA9_Of232\/view?usp=drive_link\" target=\"_blank\" rel=\"noreferrer noopener\">Tecnicatura Superior en Estimulaci\u00f3n Temprana 2do llamado<\/a><\/p>\n\n\n\n<p>Cierre del llamado: 26 de marzo inclusive<\/p>\n<\/div><\/div>\n\n\n\n<div class=\"wp-duotone-var--contrast-3-var--accent-14 wp-block-cover\" style=\"min-height:123px\"><span aria-hidden=\"true\" class=\"wp-block-cover__background has-contrast-2-background-color has-background-dim-100 has-background-dim\"><\/span><div class=\"wp-block-cover__inner-container\">\n<p class=\"has-text-align-center has-large-font-size\"><a href=\"https:\/\/drive.google.com\/file\/d\/1_Yn0yXTWHLRDH0i6DqVrRQjTLsAkFe0H\/view?usp=sharing\" target=\"_blank\" rel=\"noreferrer noopener\">Tecnicatura Superior en Turismo 2\u00b0 llamado<\/a><\/p>\n\n\n\n<p>Cierre del llamado: 20 de marzo inclusive <\/p>\n<\/div><\/div>\n\n\n\n<div class=\"wp-duotone-var--contrast-3-var--accent-15 wp-block-cover\" style=\"min-height:123px\"><span aria-hidden=\"true\" class=\"wp-block-cover__background has-contrast-2-background-color has-background-dim-100 has-background-dim\"><\/span><div class=\"wp-block-cover__inner-container\">\n<p class=\"has-text-align-center has-large-font-size\"><a rel=\"noreferrer noopener\" href=\"https:\/\/drive.google.com\/file\/d\/1xgFi806ScprWXaK6xgBqxgMEZhQDIXRM\/view?usp=drive_link\" target=\"_blank\">Profesorado en Educaci\u00f3n Tecnol\u00f3gica 2\u00b0 llamado<\/a><\/p>\n\n\n\n<p>Cierre del llamado: 20 de marzo inclusive<\/p>\n<\/div><\/div>\n\n\n\n<div class=\"wp-duotone-var--contrast-3-var--accent-16 wp-block-cover\" style=\"min-height:123px\"><span aria-hidden=\"true\" class=\"wp-block-cover__background has-contrast-2-background-color has-background-dim-100 has-background-dim\"><\/span><div class=\"wp-block-cover__inner-container\">\n<p class=\"has-text-align-center has-large-font-size\"><a href=\"https:\/\/drive.google.com\/file\/d\/1Rve5Ct4tITeWaaG-v7FeX3w8Fg02DN8A\/view?usp=drive_link\" target=\"_blank\" rel=\"noreferrer noopener\">Profesorado de Educaci\u00f3n Secundaria en Econom\u00eda 2do llamado<\/a><\/p>\n\n\n\n<p>Cierre del llamado: 20 de marzo inclusive <\/p>\n<\/div><\/div>\n\n\n\n<div class=\"wp-duotone-var--contrast-3-var--accent-17 wp-block-cover\" style=\"min-height:123px\"><span aria-hidden=\"true\" class=\"wp-block-cover__background has-contrast-2-background-color has-background-dim-100 has-background-dim\"><\/span><div class=\"wp-block-cover__inner-container\">\n<p class=\"has-text-align-center has-large-font-size\"><a href=\"https:\/\/drive.google.com\/file\/d\/1E1gcckrYrbZBnR9m6Yy1E_pnj4x8lxu0\/view?usp=drive_link\" target=\"_blank\" rel=\"noreferrer noopener\">Profesorado de Educaci\u00f3n  Secundaria en Matem\u00e1tica 2\u00b0 llamado<\/a><\/p>\n\n\n\n<p>Cierre del llamado: 20 de marzo inclusive <\/p>\n<\/div><\/div>\n\n\n\n<div class=\"wp-duotone-var--contrast-3-var--accent-18 wp-block-cover\" style=\"min-height:123px\"><span aria-hidden=\"true\" class=\"wp-block-cover__background has-contrast-2-background-color has-background-dim-100 has-background-dim\"><\/span><div class=\"wp-block-cover__inner-container\">\n<p class=\"has-text-align-center has-large-font-size\"><a href=\"https:\/\/drive.google.com\/file\/d\/1E1gcckrYrbZBnR9m6Yy1E_pnj4x8lxu0\/view?usp=drive_link\" target=\"_blank\" rel=\"noreferrer noopener\">Profesorado de Educaci\u00f3n  Secundaria en Matem\u00e1tica 2\u00b0 llamado<\/a><\/p>\n\n\n\n<p>Cierre del llamado: 20 de marzo inclusive <\/p>\n<\/div><\/div>\n\n\n\n<div class=\"wp-duotone-var--contrast-3-var--accent-19 wp-block-cover\" style=\"min-height:193px\"><span aria-hidden=\"true\" class=\"wp-block-cover__background has-contrast-2-background-color has-background-dim-100 has-background-dim\"><\/span><div class=\"wp-block-cover__inner-container\">\n<p class=\"has-text-align-center has-large-font-size\"><a rel=\"noreferrer noopener\" href=\"https:\/\/drive.google.com\/file\/d\/1z_DEdkUkG2-lHXeh-tkeRwdWaolIPkYC\/view?usp=sharing\" target=\"_blank\">Tecnicatura Superior en Administraci\u00f3n P\u00fablica<\/a> 2\u00b0 llamado<\/p>\n\n\n\n<p>Cierre del llamado: 13 de marzo inclusive<\/p>\n<\/div><\/div>\n\n\n\n<div class=\"wp-duotone-var--contrast-3-var--accent-20 wp-block-cover\" style=\"min-height:123px\"><span aria-hidden=\"true\" class=\"wp-block-cover__background has-contrast-2-background-color has-background-dim-100 has-background-dim\"><\/span><div class=\"wp-block-cover__inner-container\">\n<p class=\"has-text-align-center has-large-font-size\"><a rel=\"noreferrer noopener\" href=\"https:\/\/drive.google.com\/file\/d\/1sSqDYYoQ2KFtPY1oaO__g3UgUsIAff56\/view?usp=drive_link\" target=\"_blank\">Profesorado de Educaci\u00f3n Secundaria en Geograf\u00eda<\/a> 2\u00b0llamado<\/p>\n\n\n\n<p>Cierre del llamado: 13 de marzo inclusive<\/p>\n<\/div><\/div>\n\n\n\n<div class=\"wp-duotone-var--contrast-3-var--accent-21 wp-block-cover\" style=\"min-height:123px\"><span aria-hidden=\"true\" class=\"wp-block-cover__background has-contrast-2-background-color has-background-dim-100 has-background-dim\"><\/span><div class=\"wp-block-cover__inner-container\">\n<p class=\"has-text-align-center has-large-font-size\"><a href=\"https:\/\/drive.google.com\/file\/d\/1kTraP2nKmpUQB6tVf2Z8-abUGBSB9rDe\/view?usp=drive_link\" target=\"_blank\" rel=\"noreferrer noopener\">Tecnicatura Superior en Estimulaci\u00f3n Temprana 2do llamado<\/a><\/p>\n\n\n\n<p>Cierre del llamado: 18 de marzo inclusive<\/p>\n<\/div><\/div>\n\n\n\n<div class=\"wp-duotone-var--contrast-3-var--accent-22 wp-block-cover\" style=\"min-height:123px\"><span aria-hidden=\"true\" class=\"wp-block-cover__background has-contrast-2-background-color has-background-dim-100 has-background-dim\"><\/span><div class=\"wp-block-cover__inner-container\">\n<p class=\"has-text-align-center has-large-font-size\"><a rel=\"noreferrer noopener\" href=\"https:\/\/drive.google.com\/file\/d\/1_QqtVOO38gqy-f2pZ4JvTXXCtMO7S3up\/view?usp=sharing\" target=\"_blank\">Profesorado de Educaci\u00f3n Fisica<\/a><\/p>\n\n\n\n<p>Cierre del llamado: 10 de marzo inclusive <\/p>\n<\/div><\/div>\n\n\n\n<div class=\"wp-duotone-var--contrast-3-var--accent-23 wp-block-cover\" style=\"min-height:123px\"><span aria-hidden=\"true\" class=\"wp-block-cover__background has-contrast-2-background-color has-background-dim-100 has-background-dim\"><\/span><div class=\"wp-block-cover__inner-container\">\n<p class=\"has-text-align-center has-large-font-size\"><a rel=\"noreferrer noopener\" href=\"https:\/\/drive.google.com\/file\/d\/18LW_M23c86oHKiS-mlkCuAzdg50KWyUY\/view?usp=sharing\" target=\"_blank\">Profesorado de Educaci\u00f3n Primaria<\/a><\/p>\n\n\n\n<p>Cierre del llamado: 10 de marzo inclusive<\/p>\n<\/div><\/div>\n\n\n\n<div class=\"wp-duotone-var--contrast-3-var--accent-24 wp-block-cover\" style=\"min-height:123px\"><span aria-hidden=\"true\" class=\"wp-block-cover__background has-contrast-2-background-color has-background-dim-100 has-background-dim\"><\/span><div class=\"wp-block-cover__inner-container\">\n<p class=\"has-text-align-center has-large-font-size\"><a rel=\"noreferrer noopener\" href=\"https:\/\/drive.google.com\/file\/d\/1ruvDzC7u5tScg5W2aUl4oMv2xDecKTDl\/view?usp=sharing\" target=\"_blank\">Profesorado de Educaci\u00f3n Secundaria en Econom\u00eda<\/a><\/p>\n\n\n\n<p>Cierre del llamado: 6 de marzo inclusive <\/p>\n<\/div><\/div>\n\n\n\n<div class=\"wp-duotone-var--contrast-3-var--accent-25 wp-block-cover\" style=\"min-height:123px\"><span aria-hidden=\"true\" class=\"wp-block-cover__background has-contrast-2-background-color has-background-dim-100 has-background-dim\"><\/span><div class=\"wp-block-cover__inner-container\">\n<p class=\"has-text-align-center has-large-font-size\"><a rel=\"noreferrer noopener\" href=\"https:\/\/drive.google.com\/file\/d\/1IbSknUFIUGbyPDiXOhdmq9J7rdSl_dFE\/view?usp=drive_link\" target=\"_blank\">Profesorado de Educaci\u00f3n Secundaria en  Geograf\u00eda<\/a><\/p>\n\n\n\n<p>Cierre del llamado: 6 de marzo inclusive<\/p>\n<\/div><\/div>\n\n\n\n<div class=\"wp-duotone-var--contrast-3-var--accent-26 wp-block-cover\" style=\"min-height:123px\"><span aria-hidden=\"true\" class=\"wp-block-cover__background has-contrast-2-background-color has-background-dim-100 has-background-dim\"><\/span><div class=\"wp-block-cover__inner-container\">\n<p class=\"has-text-align-center has-large-font-size\"><a rel=\"noreferrer noopener\" href=\"https:\/\/drive.google.com\/file\/d\/1ruvDzC7u5tScg5W2aUl4oMv2xDecKTDl\/view?usp=sharing\" target=\"_blank\">Profesorado en Educaci<\/a><a rel=\"noreferrer noopener\" href=\"https:\/\/drive.google.com\/file\/d\/1y6ZQPJ_TN-_WDhAGY7hUjZSzYM35hNEg\/view?usp=drive_link\" target=\"_blank\">\u00f3n T<\/a><a rel=\"noreferrer noopener\" href=\"https:\/\/drive.google.com\/file\/d\/1ruvDzC7u5tScg5W2aUl4oMv2xDecKTDl\/view?usp=sharing\" target=\"_blank\">ecnol\u00f3gica<\/a><\/p>\n\n\n\n<p>Cierre del llamado: 6 de marzo inclusive<\/p>\n<\/div><\/div>\n\n\n\n<div class=\"wp-duotone-var--contrast-3-var--accent-27 wp-block-cover\" style=\"min-height:123px\"><span aria-hidden=\"true\" class=\"wp-block-cover__background has-contrast-2-background-color has-background-dim-100 has-background-dim\"><\/span><div class=\"wp-block-cover__inner-container\">\n<p class=\"has-text-align-center has-large-font-size\"><a rel=\"noreferrer noopener\" href=\"https:\/\/drive.google.com\/file\/d\/1IrYOI1lJvXcV7LHjm7f7a7TafXFMqNbV\/view?usp=drive_link\" target=\"_blank\">Profesorado de Educaci\u00f3n  Secundaria en Matem\u00e1tica<\/a><\/p>\n\n\n\n<p>Cierre del llamado: 6 de marzo inclusive <\/p>\n<\/div><\/div>\n\n\n\n<div class=\"wp-duotone-var--contrast-3-var--accent-28 wp-block-cover\" style=\"min-height:123px\"><span aria-hidden=\"true\" class=\"wp-block-cover__background has-contrast-2-background-color has-background-dim-100 has-background-dim\"><\/span><div class=\"wp-block-cover__inner-container\">\n<p class=\"has-text-align-center has-large-font-size\"><a rel=\"noreferrer noopener\" href=\"https:\/\/drive.google.com\/file\/d\/1a9z8cdJ6QGuyoMlgyOofBcETjkzCHgfQ\/view?usp=drive_link\" target=\"_blank\">Tecnicatura Superior en Administraci\u00f3n P\u00fablica<\/a><\/p>\n\n\n\n<p>Cierre del llamado: 6 de marzo inclusive<\/p>\n<\/div><\/div>\n\n\n\n<div class=\"wp-duotone-var--contrast-3-var--accent-29 wp-block-cover\" style=\"min-height:123px\"><span aria-hidden=\"true\" class=\"wp-block-cover__background has-contrast-2-background-color has-background-dim-100 has-background-dim\"><\/span><div class=\"wp-block-cover__inner-container\">\n<p class=\"has-text-align-center has-large-font-size\"><a rel=\"noreferrer noopener\" href=\"https:\/\/drive.google.com\/file\/d\/17lzNBYJ0ZLroTP8gk6kYrN6rW6rqIZxd\/view?usp=drive_link\" target=\"_blank\">Tecnicatura Superior en Estimulaci\u00f3n Temprana<\/a><\/p>\n\n\n\n<p>Cierre del llamado: 6 de marzo inclusive<\/p>\n<\/div><\/div>\n\n\n\n<div class=\"wp-duotone-var--contrast-3-var--accent-30 wp-block-cover\" style=\"min-height:123px\"><span aria-hidden=\"true\" class=\"wp-block-cover__background has-contrast-2-background-color has-background-dim-100 has-background-dim\"><\/span><div class=\"wp-block-cover__inner-container\">\n<p class=\"has-text-align-center has-large-font-size\"><a rel=\"noreferrer noopener\" href=\"https:\/\/drive.google.com\/file\/d\/1HUCxA0YnCMMyccNBm6hNKLDYdsgHZCzH\/view?usp=sharing\" target=\"_blank\">Tecnicatura Superior en Ni\u00f1ez, Adolescencia y Familia <\/a><\/p>\n\n\n\n<p>Cierre del llamdo: 6 de marzo inclusive &#8211; <\/p>\n<\/div><\/div>\n\n\n\n<p>Se informa a la comunidad que, habi\u00e9ndose advertido errores involuntarios en la publicaci\u00f3n de los llamados difundidos en el d\u00eda de ayer, se procedi\u00f3 a realizar las correcciones correspondientes y a reemplazar el archivo publicado por su versi\u00f3n rectificada.<\/p>\n\n\n\n<p>Las modificaciones efectuadas son las siguientes:<\/p>\n\n\n\n<ul>\n<li>En el llamado del Profesorado de Educaci\u00f3n  Primaria &#8211;  Unidad Curricular: Derechos Humanos y Ciudadan\u00eda- 3\u00b0a\u00f1o consignada como anual, cuando corresponde cuatrimestral<\/li>\n\n\n\n<li>En el llamado del Profesorado de Educaci\u00f3n Secundaria en Econom\u00eda \u2013 1\u00b0 a\u00f1o, la unidad curricular Matem\u00e1tica hab\u00eda sido consignada como anual, cuando corresponde cuatrimestral.<\/li>\n\n\n\n<li>En el llamado del Profesorado en Educaci\u00f3n Tecnol\u00f3gica, la unidad curricular Educaci\u00f3n Digital correspondiente a 2\u00b0 a\u00f1o no corresponde estar incluida en el llamado.<\/li>\n\n\n\n<li>Asimismo, en las unidades curriculares de 1\u00b0 a\u00f1o del Profesorado en Educaci\u00f3n Tecnol\u00f3gica, se rectifican los siguientes datos:\n<ul>\n<li>Psicolog\u00eda Educacional: donde dec\u00eda 18:00 a 20:10 hs, corresponde 18:00 a 19:20 hs.<\/li>\n\n\n\n<li>Pedagog\u00eda: donde dec\u00eda viernes de 18:00 a 20:10 hs, corresponde martes de 18:00 a 20:10 hs.<\/li>\n\n\n\n<li><\/li>\n<\/ul>\n<\/li>\n<\/ul>\n\n\n\n<p>Se solicita tomar como v\u00e1lida la versi\u00f3n corregida del archivo actualmente publicada,  y se pide disculpas por las molestias que esta rectificaci\u00f3n pudiera ocasionar.<\/p>\n","protected":false},"excerpt":{"rendered":"<p>Se informa a la comunidad que, habi\u00e9ndose advertido errores involuntarios en la publicaci\u00f3n de los llamados difundidos en el d\u00eda de ayer, se procedi\u00f3 a realizar las correcciones correspondientes y a reemplazar el archivo publicado por su versi\u00f3n rectificada. Las modificaciones efectuadas son las siguientes: Se solicita tomar como v\u00e1lida la versi\u00f3n corregida del archivo &#8230; <a title=\"LLAMADOS A CONCURSO\" class=\"read-more\" href=\"https:\/\/isfd816-chu.infd.edu.ar\/sitio\/llamados\/\" aria-label=\"More on LLAMADOS A CONCURSO\">[+]<\/a><\/p>\n","protected":false},"author":9,"featured_media":0,"parent":0,"menu_order":0,"comment_status":"closed","ping_status":"closed","template":"","meta":[],"acf":[],"_links":{"self":[{"href":"https:\/\/isfd816-chu.infd.edu.ar\/sitio\/wp-json\/wp\/v2\/pages\/3426"}],"collection":[{"href":"https:\/\/isfd816-chu.infd.edu.ar\/sitio\/wp-json\/wp\/v2\/pages"}],"about":[{"href":"https:\/\/isfd816-chu.infd.edu.ar\/sitio\/wp-json\/wp\/v2\/types\/page"}],"author":[{"embeddable":true,"href":"https:\/\/isfd816-chu.infd.edu.ar\/sitio\/wp-json\/wp\/v2\/users\/9"}],"replies":[{"embeddable":true,"href":"https:\/\/isfd816-chu.infd.edu.ar\/sitio\/wp-json\/wp\/v2\/comments?post=3426"}],"version-history":[{"count":32,"href":"https:\/\/isfd816-chu.infd.edu.ar\/sitio\/wp-json\/wp\/v2\/pages\/3426\/revisions"}],"predecessor-version":[{"id":3508,"href":"https:\/\/isfd816-chu.infd.edu.ar\/sitio\/wp-json\/wp\/v2\/pages\/3426\/revisions\/3508"}],"wp:attachment":[{"href":"https:\/\/isfd816-chu.infd.edu.ar\/sitio\/wp-json\/wp\/v2\/media?parent=3426"}],"curies":[{"name":"wp","href":"https:\/\/api.w.org\/{rel}","templated":true}]}}